23
What are the prime factors of 3815?
5, 7, 109
What are the prime factors of 1881?
3, 11, 19
List the prime factors of 3804.
2, 3, 317
What are the prime factors of 3478?
2, 37, 47
What are the prime factors of 103878?
2, 3, 29, 199
What are the prime factors of 3164?
2, 7, 113
What are the prime factors of 2418?
2, 3, 13, 31
List the prime factors of 2072.
2, 7, 37
What are the prime factors of 2236?
2, 13, 43
List the prime factors of 3367.
7, 13, 37
What are the prime factors of 8824?
2, 1103
List the prime factors of 5403.
3, 1801
What are the prime factors of 694?
2, 347
What are the prime factors of 8588?
2, 19, 113
List the prime factors of 68355.
3, 5, 7, 31
List the prime factors of 4054.
2, 2027
List the prime factors of 1140.
2, 3, 5, 19
List the prime factors of 402.
2, 3, 67
What are the prime factors of 15649?
15649
What are the prime factors of 2020?
2, 5, 101
List the prime factors of 26536.
2, 31, 107
List the prime factors of 1559.
1559
List the prime factors of 51094.
2, 59, 433
What are the prime factors of 69529?
23, 3023
What are the prime factors of 4770?
2, 3, 5, 53
What are the prime factors of 5014?
2, 23, 109
What are the prime factors of 3158?
2, 1579
List the prime factors of 1461.
3, 487
List the prime factors of 6503.
7, 929
List the prime factors of 43138.
2, 21569
What are the prime factors of 12809?
12809
What are the prime factors of 9662?
2, 4831
What are the prime factors of 20554?
2, 43, 239
List the prime factors of 922.
2, 461
List the prime factors of 777.
3, 7, 37
List the prime factors of 1140.
2, 3, 5, 19
What are the prime factors of 1630?
2, 5, 163
List the prime factors of 707.
7, 101
What are the prime factors of 1074?
2, 3, 179
List the prime factors of 2903.
2903
What are the prime factors of 21107?
21107
List the prime factors of 28775.
5, 1151
List the prime factors of 4813.
4813
List the prime factors of 66220.
2, 5, 7, 11, 43
List the prime factors of 790.
2, 5, 79
List the prime factors of 4791.
3, 1597
What are the prime factors of 149?
149
List the prime factors of 5573.
5573
What are the prime factors of 6815?
5, 29, 47
List the prime factors of 42864.
2, 3, 19, 47
List the prime factors of 618.
2, 3, 103
What are the prime factors of 8171?
8171
List the prime factors of 405.
3, 5
List the prime factors of 24174.
2, 3, 17, 79
What are the prime factors of 1657?
1657
What are the prime factors of 25053?
3, 7, 1193
What are the prime factors of 5811?
3, 13, 149
What are the prime factors of 694?
2, 347
List the prime factors of 153.
3, 17
List the prime factors of 356.
2, 89
List the prime factors of 41300.
2, 5, 7, 59
List the prime factors of 1485.
3, 5, 11
List the prime factors of 179759.
19, 9461
List the prime factors of 2387.
7, 11, 31
List the prime factors of 192069.
3, 21341
What are the prime factors of 3226?
2, 1613
List the prime factors of 57545.
5, 17, 677
List the prime factors of 987.
3, 7, 47
List the prime factors of 2600.
2, 5, 13
What are the prime factors of 2168?
2, 271
What are the prime factors of 6544?
2, 409
What are the prime factors of 21289?
61, 349
What are the prime factors of 6602?
2, 3301
What are the prime factors of 15710?
2, 5, 1571
What are the prime factors of 194?
2, 97
List the prime factors of 3616.
2, 113
List the prime factors of 631.
631
List the prime factors of 222.
2, 3, 37
List the prime factors of 1020.
2, 3, 5, 17
List the prime factors of 115316.
2, 127, 227
List the prime factors of 34238.
2, 17, 19, 53
What are the prime factors of 1137?
3, 379
What are the prime factors of 844?
2, 211
List the prime factors of 141.
3, 47
What are the prime factors of 223?
223
List the prime factors of 1531.
1531
What are the prime factors of 1195?
5, 239
What are the prime factors of 4780?
2, 5, 239
What are the prime factors of 434?
2, 7, 31
What are the prime factors of 1643?
31, 53
List the prime factors of 4121.
13, 317
List the prime factors of 109608.
2, 3, 4567
List the prime factors of 2855.
5, 571
What are the prime factors of 16849?
7, 29, 83
What are the prime factors of 1487?
1487
List the prime factors of 3646.
2, 1823
What are the prime factors of 60465?
3, 5, 29, 139
List the prime factors of 31725.
3, 5, 47
List the prime factors of 4147.
11, 13, 29
List the prime factors of 1046.
2, 523
List the prime factors of 26199.
3, 41, 71
List the prime factors of 8029.
7, 31, 37
What are the prime factors of 16873?
47, 359
What are the prime factors of 7004?
2, 17, 103
What are the prime factors of 56404?
2, 59, 239
List the prime factors of 26875.
5, 43
List the prime factors of 284.
2, 71
List the prime factors of 122323.
122323
List the prime factors of 88594.
2, 11, 4027
List the prime factors of 66736.
2, 43, 97
List the prime factors of 16736.
2, 523
List the prime factors of 6449.
6449
List the prime factors of 1509.
3, 503
What are the prime factors of 2562?
2, 3, 7, 61
List the prime factors of 11401.
13, 877
List the prime factors of 9835.
5, 7, 281
List the prime factors of 763.
7, 109
What are the prime factors of 6480?
2, 3, 5
What are the prime factors of 3562?
2, 13, 137
What are the prime factors of 6550?
2, 5, 131
What are the prime factors of 20273?
11, 19, 97
List the prime factors of 35078.
2, 17539
List the prime factors of 908.
2, 227
What are the prime factors of 6315?
3, 5, 421
List the prime factors of 887.
887
What are the prime factors of 8964?
2, 3, 83
What are the prime factors of 4626?
2, 3, 257
List the prime factors of 1015.
5, 7, 29
List the prime factors of 1356.
2, 3, 113
What are the prime factors of 50?
2, 5
List the prime factors of 1670.
2, 5, 167
List the prime factors of 901.
17, 53
What are the prime factors of 838?
2, 419
What are the prime factors of 6394?
2, 23, 139
List the prime factors of 2714.
2, 23, 59
What are the prime factors of 4363?
4363
List the prime factors of 65927.
65927
List the prime factors of 272.
2, 17
What are the prime factors of 51?
3, 17
List the prime factors of 10506.
2, 3, 17, 103
List the prime factors of 2825.
5, 113
List the prime factors of 124697.
19, 6563
What are the prime factors of 11283?
3, 3761
List the prime factors of 835.
5, 167
List the prime factors of 13306.
2, 6653
List the prime factors of 5161.
13, 397
What are the prime factors of 44760?
2, 3, 5, 373
What are the prime factors of 9195?
3, 5, 613
What are the prime factors of 2548?
2, 7, 13
What are the prime factors of 6645?
3, 5, 443
List the prime factors of 79929.
3, 83, 107
List the prime factors of 4571.
7, 653
List the prime factors of 11672.
2, 1459
List the prime factors of 1143.
3, 127
What are the prime factors of 31418?
2, 23, 683
List the prime factors of 732.
2, 3, 61
What are the prime factors of 5469?
3, 1823
What are the prime factors of 2568?
2, 3, 107
What are the prime factors of 1230?
2, 3, 5, 41
What are the prime factors of 709?
709
What are the prime factors of 62589?
3, 31, 673
What are the prime factors of 63?
3, 7
What are the prime factors of 19524?
2, 3, 1627
What are the prime factors of 47999?
7, 6857
What are the prime factors of 1556?
2, 389
List the prime factors of 1715.
5, 7
What are the prime factors of 154928?
2, 23, 421
List the prime factors of 719.
719
List the prime factors of 6575.
5, 263
What are the prime factors of 4365?
3, 5, 97
List the prime factors of 11764.
2, 17, 173
What are the prime factors of 896?
2, 7
List the prime factors of 2569.
7, 367
What are the prime factors of 11323?
13, 67
What are the prime factors of 15935?
5, 3187
What are the prime factors of 11290?
2, 5, 1129
List the prime factors of 5072.
2, 317
List the prime factors of 12440.
2, 5, 311
What are the prime factors of 84251?
173, 487
List the prime factors of 682.
2, 11, 31
List the prime factors of 6634.
2, 31, 107
List the prime factors of 131.
131
List the prime factors of 17247.
3, 5749
What are the prime factors of 14662?
2, 7331
List the prime factors of 14302.
2, 7151
What are the prime factors of 88?
2, 11
List the prime factors of 97669.
11, 13, 683
List the prime factors of 15864.
2, 3, 661
What are the prime factors of 874?
2, 19, 23
List the prime factors of 46961.
151, 311
List the prime factors of 4631.
11, 421
List the prime factors of 166762.
2, 199, 419
List